 of 1684?
False
Is 1008759440 a multiple of 29?
False
Is 3932127 a multiple of 17?
False
Is 78975289 a multiple of 822?
False
Is 638 a factor of 219346520?
False
Does 1087 divide 160019444?
True
Does 5911 divide 2705740688?
False
Is 3431911060 a multiple of 20?
True
Is 21 a factor of 2223277?
False
Is 56726567 a multiple of 252?
False
Is 864 a factor of 883351872?
True
Is 237971328 a multiple of 28?
True
Is 28 a factor of 76682898?
False
Does 56 divide 6793840?
False
Is 2239960131 a multiple of 120?
False
Is 835704603 a multiple of 47?
True
Is 38 a factor of 1574562514?
False
Is 25204997 a multiple of 219?
False
Does 20 divide 183087640?
True
Is 302 a factor of 35217428?
True
Does 2221 divide 471501242?
False
Is 189306477 a multiple of 9?
True
Is 33387222 a multiple of 192?
False
Is 157537792 a multiple of 46?
False
Is 908718400 a multiple of 8?
True
Is 4446 a factor of 6307557984?
True
Is 2524372 a multiple of 668?
True
Is 497087338 a multiple of 11?
True
Is 128422470 a multiple of 535?
True
Is 3830 a factor of 2621711600?
True
Is 17954545 a multiple of 34?
False
Does 23 divide 255103157?
False
Is 134 a factor of 169209170?
True
Is 1016 a factor of 1088288400?
True
Is 31218387 a multiple of 94?
False
Is 301 a factor of 7190288?
True
Is 146180988 a multiple of 12?
True
Does 39 divide 51906013?
False
Is 26 a factor of 1355922769?
False
Does 184 divide 243741057?
False
Is 265 a factor of 251788160?
True
Is 112783276 a multiple of 247?
False
Is 2089313492 a multiple of 897?
False
Is 29 a factor of 824178898?
True
Is 335462013 a multiple of 131?
False
Does 363 divide 6640359?
True
Does 98 divide 71130752?
True
Is 18 a factor of 14403114?
True
Does 10 divide 234961750?
True
Is 51 a factor of 1540615?
False
Is 185642674 a multiple of 331?
True
Is 185 a factor of 624327464?
False
Is 78504789 a multiple of 209?
True
Does 808 divide 458870472?
True
Is 683550 a multiple of 9?
True
Is 170014240 a multiple of 8?
True
Is 176644188 a multiple of 3206?
True
Does 60 divide 22624380?
True
Does 16 divide 601158528?
True
Is 45488040 a multiple of 1690?
True
Does 16 divide 1772647?
False
Is 482 a factor of 53229188?
True
Does 925 divide 30373435?
False
Is 3 a factor of 409769262?
True
Is 11940924 a multiple of 190?
False
Is 19 a factor of 5931214?
False
Is 7 a factor of 69856397?
False
Is 49911115 a multiple of 305?
True
Is 338 a factor of 59751501?
False
Is 30502614 a multiple of 3?
True
Does 659 divide 6869416?
True
Does 357 divide 268806334?
False
Does 1783 divide 152294945?
True
Is 1152240168 a multiple of 3?
True
Does 11 divide 48116651?
True
Is 6157056 a multiple of 303?
False
Is 2917436 a multiple of 5?
False
Is 14970624 a multiple of 192?
True
Does 315 divide 113345820?
True
Does 39 divide 2705662369?
False
Is 128 a factor of 232027487?
False
Is 320 a factor of 2549282?
False
Is 11456938 a multiple of 7?
False
Is 377265825 a multiple of 219?
True
Is 20 a factor of 433339520?
True
Is 82 a factor of 800534160?
False
Is 22 a factor of 30793335?
False
Is 293451726 a multiple of 11?
False
Does 15 divide 91424535?
True
Does 230 divide 35569647?
False
Is 287452252 a multiple of 1403?
True
Is 456 a factor of 318305170?
False
Is 32 a factor of 147197472?
True
Does 2294 divide 2403352686?
True
Does 503 divide 13836749?
False
Is 674 a factor of 24816151?
False
Does 101 divide 5487835?
True
Is 22681537 a multiple of 5?
False
Is 619316070 a multiple of 933?
True
Does 661 divide 283121575?
False
Is 96 a factor of 118832319?
False
Does 6 divide 394194930?
True
Is 3 a factor of 5493151?
False
Does 1560 divide 128032137?
False
Does 6245 divide 1343964153?
False
Does 23 divide 141857590?
False
Is 33 a factor of 1452266772?
True
Does 5823 divide 881704631?
False
Does 20 divide 144615220?
True
Does 17 divide 638896431?
True
Is 23 a factor of 3556390088?
True
Is 2510 a factor of 50561440?
True
Does 16 divide 124373414?
False
Is 28 a factor of 460490959?
False
Is 5979 a factor of 39884695?
False
Is 2691597599 a multiple of 337?
False
Is 124 a factor of 45624312?
True
Is 23 a factor of 272459494?
False
Is 7435998 a multiple of 11?
False
Is 287052513 a multiple of 33?
True
Does 2844 divide 853635132?
True
Is 15 a factor of 2525394150?
True
Is 67 a factor of 94549402?
False
Is 261 a factor of 15012459?
True
Is 36 a factor of 401145619?
False
Is 64311530 a multiple of 73?
False
Is 7986 a factor of 2780605332?
False
Is 47748816 a multiple of 144?
True
Is 25663643 a multiple of 399?
False
Is 27021852 a multiple of 66?
True
Is 26503725 a multiple of 579?
True
Does 1527 divide 66777237?
True
Does 899 divide 78265142?
True
Does 66 divide 9083073?
False
Does 1660 divide 103693560?
True
Does 6287 divide 4032069312?
False
Is 26 a factor of 587254382?
True
Does 93 divide 9375516?
True
Is 16333377 a multiple of 1098?
False
Is 2303 a factor of 1114515609?
False
Is 311813447 a multiple of 77?
False
Is 135 a factor of 395076272?
False
Does 8 divide 137186341?
False
Does 2 divide 7861740?
True
Is 2 a factor of 1506321682?
True
Does 49 divide 32227257?
False
Is 1319 a factor of 57793913?
False
Does 42 divide 734357516?
False
Does 9 divide 50893629?
False
Is 8 a factor of 81192973?
False
Does 20 divide 11111680?
True
Is 11 a factor of 44990947?
False
Is 2513949460 a multiple of 935?
True
Is 1925148211 a multiple of 6911?
False
Does 114 divide 59571498?
True
Does 811 divide 450795161?
True
Is 131 a factor of 115050695?
False
Is 534 a factor of 47318274?
True
Is 585050987 a multiple of 7547?
True
Is 145222992 a multiple of 24?
True
Is 3389 a factor of 173601525?
True
Is 2714338044 a multiple of 307?
True
Is 5022 a factor of 560521917?
False
Is 288054960 a multiple of 8465?
False
Is 78132989 a multiple of 2121?
False
Does 23 divide 133336382?
True
Does 95 divide 238133935?
True
Is 502 a factor of 17938305?
False
Is 784712 a multiple of 33?
False
Does 3 divide 45206547?
True
Does 405 divide 632406?
False
Is 18858444 a multiple of 22?
True
Is 12 a factor of 2388411132?
True
Does 12 divide 1610651850?
False
Does 261 divide 88453212?
False
Is 604207032 a multiple of 132?
True
Does 7 divide 1162314048?
True
Does 5563 divide 1234196054?
True
Is 37 a factor of 1244988027?
False
Is 34 a factor of 55777238?
True
Is 4628605926 a multiple of 619?
True
Is 27753783 a multiple of 447?
True
Is 41695848 a multiple of 1752?
True
Is 384557364 a multiple of 189?
False
Is 428 a factor of 3642595864?
True
Is 4233 a factor of 28305816?
False
Is 13973244 a multiple of 105?
False
Does 58 divide 221453106?
True
Is 32518032 a multiple of 26?
False
Is 117298821 a multiple of 1747?
True
Is 167603421 a multiple of 38?
False
Is 10860952 a multiple of 6?
False
Is 37480733 a multiple of 62?
False
Is 422227975 a multiple of 3385?
True
Is 136 a factor of 3156319008?
True
Is 7468880 a multiple of 20?
True
Does 3 divide 176845379?
False
Is 679 a factor of 2370389?
True
Is 2027821871 a multiple of 1162?
False
Does 616 divide 162764376?
False
Is 375925838 a multiple of 12?
False
Is 2905984 a multiple of 128?
True
Does 37 divide 67912982?
True
Does 51 divide 78048997?
False
Does 111 divide 10720380?
True
Does 1361 divide 37390753?
True
Is 48 a factor of 56812490?
False
Does 6 divide 19837838?
False
Does 125 divide 173469170?
False
Is 160 a factor of 126391065?
False
Is 2812604532 a multiple of 18?
False
Is 208534911 a multiple of 29?
True
Does 18 divide 200560905?
False
Is 59 a factor of 4026573?
True
Is 19218667 a multiple of 403?
True
Does 311 divide 483605311?
True
Is 10745 a factor of 3231390228?
False
Does 9 divide 25267088?
False
Is 241722074 a multiple of 230?
False
Is 9157040 a multiple of 40?
True
Is 31 a factor of 136423312?
True
Does 1225 divide 321553925?
True
Is 212391046 a multiple of 25?
False
Is 18814698 a multiple of 9?
True
Is 1669 a factor of 335045074?
True
Does 1707 divide 44875319?
False
Is 187 a factor of 1272036000?
False
Does 670 divide 255372?
False
Is 5 a factor of 11494820?
True
Is 9803000 a multiple of 40?
True
Is 1605933675 a multiple of 2565?
True
Does 5 divide 6908779?
False
Is 3189 a factor of 12266851?
False
Does 30 divide 78785940?
True
Is 235140904 a multiple of 11?
False
Does 268 divide 190693763?
False
Is 3242013822 a multiple of 402?
True
Is 30 a factor of 39400860?
True
Is 130 a factor of 1212